{"id":679,"date":"2025-07-24T16:02:17","date_gmt":"2025-07-24T16:02:17","guid":{"rendered":"https:\/\/amandabeautycenter.com.br\/2024\/?post_type=product&#038;p=679"},"modified":"2025-07-24T16:02:17","modified_gmt":"2025-07-24T16:02:17","slug":"shampoo-genesis-bain-nutri-fortifiant","status":"publish","type":"product","link":"https:\/\/amandabeautycenter.com.br\/2024\/produto\/shampoo-genesis-bain-nutri-fortifiant\/","title":{"rendered":"Shampoo Genesis Bain Nutri Fortifiant"},"content":{"rendered":"<p><img fetchpriority=\"high\" decoding=\"async\" class=\"alignnone size-medium wp-image-661\" src=\"https:\/\/amandabeautycenter.com.br\/2024\/wp-content\/uploads\/2025\/07\/7899706194747_EN--212x300.jpg\" alt=\"\" width=\"212\" height=\"300\" srcset=\"https:\/\/amandabeautycenter.com.br\/2024\/wp-content\/uploads\/2025\/07\/7899706194747_EN--212x300.jpg 212w, https:\/\/amandabeautycenter.com.br\/2024\/wp-content\/uploads\/2025\/07\/7899706194747_EN--722x1024.jpg 722w, https:\/\/amandabeautycenter.com.br\/2024\/wp-content\/uploads\/2025\/07\/7899706194747_EN--768x1089.jpg 768w, https:\/\/amandabeautycenter.com.br\/2024\/wp-content\/uploads\/2025\/07\/7899706194747_EN--1083x1536.jpg 1083w, https:\/\/amandabeautycenter.com.br\/2024\/wp-content\/uploads\/2025\/07\/7899706194747_EN--600x851.jpg 600w, https:\/\/amandabeautycenter.com.br\/2024\/wp-content\/uploads\/2025\/07\/7899706194747_EN-.jpg 1111w\" sizes=\"(max-width: 212px) 100vw, 212px\" \/><\/p>\n","protected":false},"excerpt":{"rendered":"<p data-start=\"0\" data-end=\"37\"><span class=\"relative -mx-px my-[-0.2rem] rounded px-px py-[0.2rem] transition-colors duration-100 ease-in-out\">O <strong data-start=\"2\" data-end=\"27\">Bain Nutri\u2011Fortifiant<\/strong> da linha <strong data-start=\"37\" data-end=\"48\">Genesis<\/strong> da K\u00e9rastase \u00e9 um <strong data-start=\"67\" data-end=\"101\">shampoo fortificante antiqueda<\/strong>, especialmente indicado para <strong data-start=\"131\" data-end=\"192\">cabelos secos ou grossos com tend\u00eancia \u00e0 queda por quebra<\/strong>. Ideal quando h\u00e1 fragilidade ou fragiliza\u00e7\u00e3o da fibra capilar.<\/span><\/p>\n<h2 data-start=\"44\" data-end=\"65\">\u00a0 \u00a0Para que serve?<\/h2>\n<ul data-start=\"67\" data-end=\"227\">\n<li data-start=\"67\" data-end=\"108\">\n<p data-start=\"69\" data-end=\"108\"><span class=\"relative -mx-px my-[-0.2rem] rounded px-px py-[0.2rem] transition-colors duration-100 ease-in-out\"><strong data-start=\"0\" data-end=\"29\" data-is-only-node=\"\">Limpeza nutritiva e suave<\/strong>: remove impurezas e oleosidade sem ressecar, trazendo conforto do couro cabeludo ao comprimento dos fios.<\/span><\/p>\n<\/li>\n<li data-start=\"109\" data-end=\"150\">\n<p data-start=\"111\" data-end=\"150\"><span class=\"relative -mx-px my-[-0.2rem] rounded px-px py-[0.2rem] transition-colors duration-100 ease-in-out\"><strong data-start=\"0\" data-end=\"35\" data-is-only-node=\"\">Fortalecimento da fibra capilar<\/strong>: com ingredientes como C\u00e9lulas Estaminais de Edelweiss e Raiz de Gengibre, reduz a quebra e deixa os fios mais resistentes.<\/span><\/p>\n<\/li>\n<li data-start=\"151\" data-end=\"227\">\n<p data-start=\"153\" data-end=\"227\"><span class=\"relative -mx-px my-[-0.2rem] rounded px-px py-[0.2rem] transition-colors duration-100 ease-in-out\"><strong data-start=\"0\" data-end=\"45\" data-is-only-node=\"\">Redu\u00e7\u00e3o significativa da queda por quebra<\/strong> com at\u00e9 <strong data-start=\"54\" data-end=\"82\">93% menos fios quebrados<\/strong> desde a primeira aplica\u00e7\u00e3o. Cabelos at\u00e9 <strong data-start=\"123\" data-end=\"144\">65% mais nutridos<\/strong> e <strong data-start=\"147\" data-end=\"166\">49% mais macios<\/strong> ap\u00f3s uso cont\u00ednuo.<\/span><\/p>\n<\/li>\n<\/ul>\n","protected":false},"featured_media":661,"comment_status":"open","ping_status":"closed","template":"","meta":[],"product_cat":[70,71,23],"product_tag":[],"class_list":{"0":"post-679","1":"product","2":"type-product","3":"status-publish","4":"has-post-thumbnail","6":"product_cat-antiqueda","7":"product_cat-secos-ou-grossos","8":"product_cat-shampoo","10":"first","11":"instock","12":"shipping-taxable","13":"purchasable","14":"product-type-simple"},"_links":{"self":[{"href":"https:\/\/amandabeautycenter.com.br\/2024\/wp-json\/wp\/v2\/product\/679","targetHints":{"allow":["GET"]}}],"collection":[{"href":"https:\/\/amandabeautycenter.com.br\/2024\/wp-json\/wp\/v2\/product"}],"about":[{"href":"https:\/\/amandabeautycenter.com.br\/2024\/wp-json\/wp\/v2\/types\/product"}],"replies":[{"embeddable":true,"href":"https:\/\/amandabeautycenter.com.br\/2024\/wp-json\/wp\/v2\/comments?post=679"}],"wp:featuredmedia":[{"embeddable":true,"href":"https:\/\/amandabeautycenter.com.br\/2024\/wp-json\/wp\/v2\/media\/661"}],"wp:attachment":[{"href":"https:\/\/amandabeautycenter.com.br\/2024\/wp-json\/wp\/v2\/media?parent=679"}],"wp:term":[{"taxonomy":"product_cat","embeddable":true,"href":"https:\/\/amandabeautycenter.com.br\/2024\/wp-json\/wp\/v2\/product_cat?post=679"},{"taxonomy":"product_tag","embeddable":true,"href":"https:\/\/amandabeautycenter.com.br\/2024\/wp-json\/wp\/v2\/product_tag?post=679"}],"curies":[{"name":"wp","href":"https:\/\/api.w.org\/{rel}","templated":true}]}}