{"id":659,"date":"2025-07-24T15:58:23","date_gmt":"2025-07-24T15:58:23","guid":{"rendered":"https:\/\/amandabeautycenter.com.br\/2024\/?post_type=product&#038;p=659"},"modified":"2025-07-24T16:04:10","modified_gmt":"2025-07-24T16:04:10","slug":"shampoo-bain-hydra-fortifiant","status":"publish","type":"product","link":"https:\/\/amandabeautycenter.com.br\/2024\/produto\/shampoo-bain-hydra-fortifiant\/","title":{"rendered":"Shampoo Bain Hydra Fortifiant"},"content":{"rendered":"<p><img fetchpriority=\"high\" decoding=\"async\" class=\"alignnone size-medium wp-image-660\" src=\"https:\/\/amandabeautycenter.com.br\/2024\/wp-content\/uploads\/2025\/07\/7899706194747_EN_1-300x200.jpg\" alt=\"\" width=\"300\" height=\"200\" srcset=\"https:\/\/amandabeautycenter.com.br\/2024\/wp-content\/uploads\/2025\/07\/7899706194747_EN_1-300x200.jpg 300w, https:\/\/amandabeautycenter.com.br\/2024\/wp-content\/uploads\/2025\/07\/7899706194747_EN_1-1024x683.jpg 1024w, https:\/\/amandabeautycenter.com.br\/2024\/wp-content\/uploads\/2025\/07\/7899706194747_EN_1-768x512.jpg 768w, https:\/\/amandabeautycenter.com.br\/2024\/wp-content\/uploads\/2025\/07\/7899706194747_EN_1-1536x1024.jpg 1536w, https:\/\/amandabeautycenter.com.br\/2024\/wp-content\/uploads\/2025\/07\/7899706194747_EN_1-2048x1365.jpg 2048w, https:\/\/amandabeautycenter.com.br\/2024\/wp-content\/uploads\/2025\/07\/7899706194747_EN_1-600x400.jpg 600w\" sizes=\"(max-width: 300px) 100vw, 300px\" \/><img decoding=\"async\" class=\"alignnone size-medium wp-image-672\" src=\"https:\/\/amandabeautycenter.com.br\/2024\/wp-content\/uploads\/2025\/07\/7899706194662_EN-212x300.jpg\" alt=\"\" width=\"212\" height=\"300\" srcset=\"https:\/\/amandabeautycenter.com.br\/2024\/wp-content\/uploads\/2025\/07\/7899706194662_EN-212x300.jpg 212w, https:\/\/amandabeautycenter.com.br\/2024\/wp-content\/uploads\/2025\/07\/7899706194662_EN-722x1024.jpg 722w, https:\/\/amandabeautycenter.com.br\/2024\/wp-content\/uploads\/2025\/07\/7899706194662_EN-768x1089.jpg 768w, https:\/\/amandabeautycenter.com.br\/2024\/wp-content\/uploads\/2025\/07\/7899706194662_EN-1083x1536.jpg 1083w, https:\/\/amandabeautycenter.com.br\/2024\/wp-content\/uploads\/2025\/07\/7899706194662_EN-600x851.jpg 600w, https:\/\/amandabeautycenter.com.br\/2024\/wp-content\/uploads\/2025\/07\/7899706194662_EN.jpg 1111w\" sizes=\"(max-width: 212px) 100vw, 212px\" \/><\/p>\n","protected":false},"excerpt":{"rendered":"<p data-start=\"0\" data-end=\"75\"><span class=\"relative -mx-px my-[-0.2rem] rounded px-px py-[0.2rem] transition-colors duration-100 ease-in-out\">O <strong data-start=\"2\" data-end=\"56\">Bain Hydra\u2011Fortifiant (linha Genesis da K\u00e9rastase)<\/strong> \u00e9 um <strong data-start=\"62\" data-end=\"95\">shampoo fortificante antiqueda<\/strong>, formulado para limpar suavemente cabelos fracos, finos ou oleosos com tend\u00eancia a queda por quebra.<\/span><\/p>\n<h2 data-start=\"82\" data-end=\"109\">\u00a0 \u00a0 \u00a0 \u00a0Principais Benef\u00edcios<\/h2>\n<ul data-start=\"111\" data-end=\"425\">\n<li data-start=\"111\" data-end=\"188\">\n<p data-start=\"113\" data-end=\"188\"><span class=\"relative -mx-px my-[-0.2rem] rounded px-px py-[0.2rem] transition-colors duration-100 ease-in-out\"><strong data-start=\"0\" data-end=\"26\" data-is-only-node=\"\">Limpeza ultra delicada<\/strong>: remove oleosidade excessiva e part\u00edculas de polui\u00e7\u00e3o sem agredir o couro cabeludo. Ideal para quem sofre com ra\u00edzes oleosas e peso nos fios.<\/span><\/p>\n<\/li>\n<li data-start=\"190\" data-end=\"267\">\n<p data-start=\"192\" data-end=\"267\"><span class=\"relative -mx-px my-[-0.2rem] rounded px-px py-[0.2rem] transition-colors duration-100 ease-in-out\"><strong data-start=\"0\" data-end=\"39\" data-is-only-node=\"\">Fortalece a fibra da raiz \u00e0s pontas<\/strong>: gra\u00e7as \u00e0 combina\u00e7\u00e3o de <strong data-start=\"64\" data-end=\"99\">C\u00e9lulas Estaminais de Edelweiss<\/strong> (antioxidante) e <strong data-start=\"117\" data-end=\"137\">Raiz de Gengibre<\/strong> (prote\u00e7\u00e3o ambiental), reduz a quebra e refor\u00e7a os fios desde a base.<\/span><\/p>\n<\/li>\n<li data-start=\"190\" data-end=\"267\">\n<p data-start=\"192\" data-end=\"267\"><span class=\"relative -mx-px my-[-0.2rem] rounded px-px py-[0.2rem] transition-colors duration-100 ease-in-out\"><strong data-start=\"0\" data-end=\"31\" data-is-only-node=\"\">Redu\u00e7\u00e3o da queda por quebra<\/strong>: testes instrumentais indicam at\u00e9 <strong data-start=\"66\" data-end=\"108\">80\u201398% menos queda causada pela quebra<\/strong> na primeira aplica\u00e7\u00e3o, especialmente quando usado com os complementos da linha como condicionador e s\u00e9rum.<\/span><\/p>\n<\/li>\n<li data-start=\"348\" data-end=\"425\">\n<p data-start=\"350\" data-end=\"425\"><span class=\"relative -mx-px my-[-0.2rem] rounded px-px py-[0.2rem] transition-colors duration-100 ease-in-out\"><strong data-start=\"0\" data-end=\"21\" data-is-only-node=\"\">Results imediatos<\/strong>: fibras mais resistentes, maciez e brilho natural j\u00e1 na primeira aplica\u00e7\u00e3o<\/span><\/p>\n<\/li>\n<\/ul>\n","protected":false},"featured_media":672,"comment_status":"open","ping_status":"closed","template":"","meta":[],"product_cat":[70,72,23],"product_tag":[],"class_list":{"0":"post-659","1":"product","2":"type-product","3":"status-publish","4":"has-post-thumbnail","6":"product_cat-antiqueda","7":"product_cat-finos-e-oleosos","8":"product_cat-shampoo","10":"first","11":"instock","12":"shipping-taxable","13":"purchasable","14":"product-type-simple"},"_links":{"self":[{"href":"https:\/\/amandabeautycenter.com.br\/2024\/wp-json\/wp\/v2\/product\/659","targetHints":{"allow":["GET"]}}],"collection":[{"href":"https:\/\/amandabeautycenter.com.br\/2024\/wp-json\/wp\/v2\/product"}],"about":[{"href":"https:\/\/amandabeautycenter.com.br\/2024\/wp-json\/wp\/v2\/types\/product"}],"replies":[{"embeddable":true,"href":"https:\/\/amandabeautycenter.com.br\/2024\/wp-json\/wp\/v2\/comments?post=659"}],"wp:featuredmedia":[{"embeddable":true,"href":"https:\/\/amandabeautycenter.com.br\/2024\/wp-json\/wp\/v2\/media\/672"}],"wp:attachment":[{"href":"https:\/\/amandabeautycenter.com.br\/2024\/wp-json\/wp\/v2\/media?parent=659"}],"wp:term":[{"taxonomy":"product_cat","embeddable":true,"href":"https:\/\/amandabeautycenter.com.br\/2024\/wp-json\/wp\/v2\/product_cat?post=659"},{"taxonomy":"product_tag","embeddable":true,"href":"https:\/\/amandabeautycenter.com.br\/2024\/wp-json\/wp\/v2\/product_tag?post=659"}],"curies":[{"name":"wp","href":"https:\/\/api.w.org\/{rel}","templated":true}]}}