{"id":658,"date":"2025-07-24T15:23:21","date_gmt":"2025-07-24T15:23:21","guid":{"rendered":"https:\/\/amandabeautycenter.com.br\/2024\/?post_type=product&#038;p=658"},"modified":"2025-07-24T15:23:21","modified_gmt":"2025-07-24T15:23:21","slug":"oleo-lhuile-originale","status":"publish","type":"product","link":"https:\/\/amandabeautycenter.com.br\/2024\/produto\/oleo-lhuile-originale\/","title":{"rendered":"\u00d3leo L\u00b4Huile Originale"},"content":{"rendered":"<p><img fetchpriority=\"high\" decoding=\"async\" class=\"alignnone size-medium wp-image-640\" src=\"https:\/\/amandabeautycenter.com.br\/2024\/wp-content\/uploads\/2025\/07\/3474637215132_EN_7-300x300.jpg\" alt=\"\" width=\"300\" height=\"300\" srcset=\"https:\/\/amandabeautycenter.com.br\/2024\/wp-content\/uploads\/2025\/07\/3474637215132_EN_7-300x300.jpg 300w, https:\/\/amandabeautycenter.com.br\/2024\/wp-content\/uploads\/2025\/07\/3474637215132_EN_7-1024x1024.jpg 1024w, https:\/\/amandabeautycenter.com.br\/2024\/wp-content\/uploads\/2025\/07\/3474637215132_EN_7-150x150.jpg 150w, https:\/\/amandabeautycenter.com.br\/2024\/wp-content\/uploads\/2025\/07\/3474637215132_EN_7-768x768.jpg 768w, https:\/\/amandabeautycenter.com.br\/2024\/wp-content\/uploads\/2025\/07\/3474637215132_EN_7-1536x1536.jpg 1536w, https:\/\/amandabeautycenter.com.br\/2024\/wp-content\/uploads\/2025\/07\/3474637215132_EN_7-2048x2048.jpg 2048w, https:\/\/amandabeautycenter.com.br\/2024\/wp-content\/uploads\/2025\/07\/3474637215132_EN_7-600x600.jpg 600w, https:\/\/amandabeautycenter.com.br\/2024\/wp-content\/uploads\/2025\/07\/3474637215132_EN_7-100x100.jpg 100w\" sizes=\"(max-width: 300px) 100vw, 300px\" \/><img decoding=\"async\" class=\"alignnone size-medium wp-image-641\" src=\"https:\/\/amandabeautycenter.com.br\/2024\/wp-content\/uploads\/2025\/07\/3474637215132_EN_1-300x300.jpg\" alt=\"\" width=\"300\" height=\"300\" srcset=\"https:\/\/amandabeautycenter.com.br\/2024\/wp-content\/uploads\/2025\/07\/3474637215132_EN_1-300x300.jpg 300w, https:\/\/amandabeautycenter.com.br\/2024\/wp-content\/uploads\/2025\/07\/3474637215132_EN_1-1024x1024.jpg 1024w, https:\/\/amandabeautycenter.com.br\/2024\/wp-content\/uploads\/2025\/07\/3474637215132_EN_1-150x150.jpg 150w, https:\/\/amandabeautycenter.com.br\/2024\/wp-content\/uploads\/2025\/07\/3474637215132_EN_1-768x768.jpg 768w, https:\/\/amandabeautycenter.com.br\/2024\/wp-content\/uploads\/2025\/07\/3474637215132_EN_1-1536x1536.jpg 1536w, https:\/\/amandabeautycenter.com.br\/2024\/wp-content\/uploads\/2025\/07\/3474637215132_EN_1-2048x2048.jpg 2048w, https:\/\/amandabeautycenter.com.br\/2024\/wp-content\/uploads\/2025\/07\/3474637215132_EN_1-600x600.jpg 600w, https:\/\/amandabeautycenter.com.br\/2024\/wp-content\/uploads\/2025\/07\/3474637215132_EN_1-100x100.jpg 100w\" sizes=\"(max-width: 300px) 100vw, 300px\" \/><img decoding=\"async\" class=\"alignnone size-medium wp-image-644\" src=\"https:\/\/amandabeautycenter.com.br\/2024\/wp-content\/uploads\/2025\/07\/3474637215170_EN_10-300x300.jpg\" alt=\"\" width=\"300\" height=\"300\" srcset=\"https:\/\/amandabeautycenter.com.br\/2024\/wp-content\/uploads\/2025\/07\/3474637215170_EN_10-300x300.jpg 300w, https:\/\/amandabeautycenter.com.br\/2024\/wp-content\/uploads\/2025\/07\/3474637215170_EN_10-1024x1024.jpg 1024w, https:\/\/amandabeautycenter.com.br\/2024\/wp-content\/uploads\/2025\/07\/3474637215170_EN_10-150x150.jpg 150w, https:\/\/amandabeautycenter.com.br\/2024\/wp-content\/uploads\/2025\/07\/3474637215170_EN_10-768x768.jpg 768w, https:\/\/amandabeautycenter.com.br\/2024\/wp-content\/uploads\/2025\/07\/3474637215170_EN_10-1536x1536.jpg 1536w, https:\/\/amandabeautycenter.com.br\/2024\/wp-content\/uploads\/2025\/07\/3474637215170_EN_10-600x600.jpg 600w, https:\/\/amandabeautycenter.com.br\/2024\/wp-content\/uploads\/2025\/07\/3474637215170_EN_10-100x100.jpg 100w, https:\/\/amandabeautycenter.com.br\/2024\/wp-content\/uploads\/2025\/07\/3474637215170_EN_10.jpg 2000w\" sizes=\"(max-width: 300px) 100vw, 300px\" \/><img loading=\"lazy\" decoding=\"async\" class=\"alignnone size-medium wp-image-646\" src=\"https:\/\/amandabeautycenter.com.br\/2024\/wp-content\/uploads\/2025\/07\/3474637215170_EN_4-300x300.jpg\" alt=\"\" width=\"300\" height=\"300\" srcset=\"https:\/\/amandabeautycenter.com.br\/2024\/wp-content\/uploads\/2025\/07\/3474637215170_EN_4-300x300.jpg 300w, https:\/\/amandabeautycenter.com.br\/2024\/wp-content\/uploads\/2025\/07\/3474637215170_EN_4-1024x1024.jpg 1024w, https:\/\/amandabeautycenter.com.br\/2024\/wp-content\/uploads\/2025\/07\/3474637215170_EN_4-150x150.jpg 150w, https:\/\/amandabeautycenter.com.br\/2024\/wp-content\/uploads\/2025\/07\/3474637215170_EN_4-768x768.jpg 768w, https:\/\/amandabeautycenter.com.br\/2024\/wp-content\/uploads\/2025\/07\/3474637215170_EN_4-1536x1536.jpg 1536w, https:\/\/amandabeautycenter.com.br\/2024\/wp-content\/uploads\/2025\/07\/3474637215170_EN_4-600x600.jpg 600w, https:\/\/amandabeautycenter.com.br\/2024\/wp-content\/uploads\/2025\/07\/3474637215170_EN_4-100x100.jpg 100w, https:\/\/amandabeautycenter.com.br\/2024\/wp-content\/uploads\/2025\/07\/3474637215170_EN_4.jpg 2000w\" sizes=\"(max-width: 300px) 100vw, 300px\" \/><img loading=\"lazy\" decoding=\"async\" class=\"alignnone size-medium wp-image-649\" src=\"https:\/\/amandabeautycenter.com.br\/2024\/wp-content\/uploads\/2025\/07\/3474637215163_EN_1-300x300.webp\" alt=\"\" width=\"300\" height=\"300\" srcset=\"https:\/\/amandabeautycenter.com.br\/2024\/wp-content\/uploads\/2025\/07\/3474637215163_EN_1-300x300.webp 300w, https:\/\/amandabeautycenter.com.br\/2024\/wp-content\/uploads\/2025\/07\/3474637215163_EN_1-1024x1024.webp 1024w, https:\/\/amandabeautycenter.com.br\/2024\/wp-content\/uploads\/2025\/07\/3474637215163_EN_1-150x150.webp 150w, https:\/\/amandabeautycenter.com.br\/2024\/wp-content\/uploads\/2025\/07\/3474637215163_EN_1-768x768.webp 768w, https:\/\/amandabeautycenter.com.br\/2024\/wp-content\/uploads\/2025\/07\/3474637215163_EN_1-1536x1536.webp 1536w, https:\/\/amandabeautycenter.com.br\/2024\/wp-content\/uploads\/2025\/07\/3474637215163_EN_1-600x600.webp 600w, https:\/\/amandabeautycenter.com.br\/2024\/wp-content\/uploads\/2025\/07\/3474637215163_EN_1-100x100.webp 100w, https:\/\/amandabeautycenter.com.br\/2024\/wp-content\/uploads\/2025\/07\/3474637215163_EN_1.webp 2000w\" sizes=\"(max-width: 300px) 100vw, 300px\" \/><\/p>\n","protected":false},"excerpt":{"rendered":"<p data-start=\"0\" data-end=\"37\"><span class=\"relative -mx-px my-[-0.2rem] rounded px-px py-[0.2rem] transition-colors duration-100 ease-in-out\">O <strong data-start=\"2\" data-end=\"39\">L&#8217;Huile Originale (Elixir Ultime)<\/strong> da K\u00e9rastase \u00e9 um <strong data-start=\"58\" data-end=\"98\">\u00f3leo capilar leave\u2011in multifuncional<\/strong> desenvolvido para enriquecer o brilho, nutrir profundamente, controlar o frizz e oferecer prote\u00e7\u00e3o t\u00e9rmica a todos os tipos de cabelo.<\/span><\/p>\n<h2 data-start=\"44\" data-end=\"71\">\u00a0 \u00a0 \u00a0 \u00a0 \u00a0Benef\u00edcios<\/h2>\n<ul data-start=\"73\" data-end=\"552\">\n<li data-start=\"73\" data-end=\"151\">\n<p data-start=\"75\" data-end=\"151\"><span class=\"relative -mx-px my-[-0.2rem] rounded px-px py-[0.2rem] transition-colors duration-100 ease-in-out\"><strong data-start=\"0\" data-end=\"31\" data-is-only-node=\"\">Nutri\u00e7\u00e3o intensa com leveza<\/strong>: blend de \u00f3leos preciosos como Marula, Cam\u00e9lia (incluindo Cam\u00e9lia francesa e selvagem) e Argan hidrata profundamente sem pesar os fios<\/span> .<\/p>\n<\/li>\n<li data-start=\"152\" data-end=\"230\">\n<p data-start=\"154\" data-end=\"230\"><span class=\"relative -mx-px my-[-0.2rem] rounded px-px py-[0.2rem] transition-colors duration-100 ease-in-out\"><strong data-start=\"0\" data-end=\"31\" data-is-only-node=\"\">Brilho radiante e duradouro<\/strong>: promete at\u00e9 <strong data-start=\"45\" data-end=\"63\">9\u00d7 mais brilho<\/strong> e efeito luminoso por at\u00e9 48\u202fh.<\/span><\/p>\n<\/li>\n<li data-start=\"231\" data-end=\"309\">\n<p data-start=\"233\" data-end=\"309\"><span class=\"relative -mx-px my-[-0.2rem] rounded px-px py-[0.2rem] transition-colors duration-100 ease-in-out\"><strong data-start=\"0\" data-end=\"38\" data-is-only-node=\"\">Controle de frizz por at\u00e9 96 horas<\/strong>, mesmo em condi\u00e7\u00f5es de umidade elevada<\/span> .<\/p>\n<\/li>\n<li data-start=\"310\" data-end=\"388\">\n<p data-start=\"312\" data-end=\"388\"><span class=\"relative -mx-px my-[-0.2rem] rounded px-px py-[0.2rem] transition-colors duration-100 ease-in-out\"><strong data-start=\"0\" data-end=\"31\" data-is-only-node=\"\">Prote\u00e7\u00e3o t\u00e9rmica at\u00e9 230\u202f\u00b0C<\/strong>, ideal para uso antes do secador, prancha ou modeladores<\/span><\/p>\n<\/li>\n<li data-start=\"310\" data-end=\"388\">\n<p data-start=\"312\" data-end=\"388\"><span class=\"relative -mx-px my-[-0.2rem] rounded px-px py-[0.2rem] transition-colors duration-100 ease-in-out\"><strong data-start=\"0\" data-end=\"37\" data-is-only-node=\"\">Redu\u00e7\u00e3o de pontas duplas e quebra<\/strong>, com toque sedoso imediato<\/span> .<\/p>\n<\/li>\n<li data-start=\"470\" data-end=\"552\">\n<p data-start=\"472\" data-end=\"552\"><span class=\"relative -mx-px my-[-0.2rem] rounded px-px py-[0.2rem] transition-colors duration-100 ease-in-out\"><strong data-start=\"0\" data-end=\"37\" data-is-only-node=\"\">Experi\u00eancia sensorial sofisticada<\/strong>: fragr\u00e2ncia floral amadeirada (tangerina, fr\u00e9sia, violeta, s\u00e2ndalo, heliotropo) que se mant\u00e9m por at\u00e9 24\u202fh<\/span><\/p>\n<\/li>\n<\/ul>\n","protected":false},"featured_media":640,"comment_status":"open","ping_status":"closed","template":"","meta":[],"product_cat":[36,67],"product_tag":[],"class_list":{"0":"post-658","1":"product","2":"type-product","3":"status-publish","4":"has-post-thumbnail","6":"product_cat-finalizador-de-cabelo-com-protecao-termica","7":"product_cat-oleo","9":"first","10":"instock","11":"shipping-taxable","12":"purchasable","13":"product-type-simple"},"_links":{"self":[{"href":"https:\/\/amandabeautycenter.com.br\/2024\/wp-json\/wp\/v2\/product\/658","targetHints":{"allow":["GET"]}}],"collection":[{"href":"https:\/\/amandabeautycenter.com.br\/2024\/wp-json\/wp\/v2\/product"}],"about":[{"href":"https:\/\/amandabeautycenter.com.br\/2024\/wp-json\/wp\/v2\/types\/product"}],"replies":[{"embeddable":true,"href":"https:\/\/amandabeautycenter.com.br\/2024\/wp-json\/wp\/v2\/comments?post=658"}],"wp:featuredmedia":[{"embeddable":true,"href":"https:\/\/amandabeautycenter.com.br\/2024\/wp-json\/wp\/v2\/media\/640"}],"wp:attachment":[{"href":"https:\/\/amandabeautycenter.com.br\/2024\/wp-json\/wp\/v2\/media?parent=658"}],"wp:term":[{"taxonomy":"product_cat","embeddable":true,"href":"https:\/\/amandabeautycenter.com.br\/2024\/wp-json\/wp\/v2\/product_cat?post=658"},{"taxonomy":"product_tag","embeddable":true,"href":"https:\/\/amandabeautycenter.com.br\/2024\/wp-json\/wp\/v2\/product_tag?post=658"}],"curies":[{"name":"wp","href":"https:\/\/api.w.org\/{rel}","templated":true}]}}